{"id":82,"date":"2018-01-11T22:27:30","date_gmt":"2018-01-11T22:27:30","guid":{"rendered":"http:\/\/ElaskreativeSeite.de\/?page_id=82"},"modified":"2024-07-24T18:02:26","modified_gmt":"2024-07-24T18:02:26","slug":"impressum","status":"publish","type":"page","link":"https:\/\/elaskreativeseite.de\/?page_id=82","title":{"rendered":"Impressum"},"content":{"rendered":"<h3>Copyright<\/h3>\n<p>Alle Inhalte auf diesen Seiten, insbesondere Texte, Bilder, Fotografien und Grafiken, sind urheberrechtlich gesch\u00fctzt. Das Urheberrecht liegt bei\u00a0der Urheberin Ela Gabi Bernhard.<\/p>\n<p>Die Benutzung der Texte, Bilder, Fotografien und Grafiken ist grunds\u00e4tzlich untersagt. <u><br \/><\/u><\/p>\n<p>Wer gegen das Urheberrecht verst\u00f6\u00dft (z.B. Bilder oder Texte unerlaubt kopiert), macht sich gem.\u00a0\u00a7\u00a7 106 ff UrhG\u00a0strafbar, wird zudem kostenpflichtig abgemahnt und muss Schadensersatz leisten (\u00a7\u00a097 UrhG).<\/p>\n<h3>Kontakt<\/h3>\n<p>E-Mail:<br \/>elaskreativeseite@gmx.de<\/p>\n<p>\u00a0<\/p>\n\n\n<p><\/p>\n","protected":false},"excerpt":{"rendered":"<p>Copyright Alle Inhalte auf diesen Seiten, insbesondere Texte, Bilder, Fotografien und Grafiken, sind urheberrechtlich gesch\u00fctzt. Das Urheberrecht liegt bei\u00a0der Urheberin Ela Gabi Bernhard. Die Benutzung der Texte, Bilder, Fotografien und Grafiken ist grunds\u00e4tzlich untersagt. Wer gegen das Urheberrecht verst\u00f6\u00dft (z.B. Bilder oder Texte unerlaubt kopiert), macht sich gem.\u00a0\u00a7\u00a7 106 ff UrhG\u00a0strafbar, wird zudem kostenpflichtig abgemahnt [&hellip;]<\/p>\n","protected":false},"author":1,"featured_media":0,"parent":2,"menu_order":0,"comment_status":"closed","ping_status":"closed","template":"fullwidth-page.php","meta":{"jetpack_post_was_ever_published":false,"footnotes":""},"class_list":["post-82","page","type-page","status-publish","hentry"],"jetpack_sharing_enabled":true,"jetpack_shortlink":"https:\/\/wp.me\/P9ybpl-1k","_links":{"self":[{"href":"https:\/\/elaskreativeseite.de\/index.php?rest_route=\/wp\/v2\/pages\/82","targetHints":{"allow":["GET"]}}],"collection":[{"href":"https:\/\/elaskreativeseite.de\/index.php?rest_route=\/wp\/v2\/pages"}],"about":[{"href":"https:\/\/elaskreativeseite.de\/index.php?rest_route=\/wp\/v2\/types\/page"}],"author":[{"embeddable":true,"href":"https:\/\/elaskreativeseite.de\/index.php?rest_route=\/wp\/v2\/users\/1"}],"replies":[{"embeddable":true,"href":"https:\/\/elaskreativeseite.de\/index.php?rest_route=%2Fwp%2Fv2%2Fcomments&post=82"}],"version-history":[{"count":34,"href":"https:\/\/elaskreativeseite.de\/index.php?rest_route=\/wp\/v2\/pages\/82\/revisions"}],"predecessor-version":[{"id":1141,"href":"https:\/\/elaskreativeseite.de\/index.php?rest_route=\/wp\/v2\/pages\/82\/revisions\/1141"}],"up":[{"embeddable":true,"href":"https:\/\/elaskreativeseite.de\/index.php?rest_route=\/wp\/v2\/pages\/2"}],"wp:attachment":[{"href":"https:\/\/elaskreativeseite.de\/index.php?rest_route=%2Fwp%2Fv2%2Fmedia&parent=82"}],"curies":[{"name":"wp","href":"https:\/\/api.w.org\/{rel}","templated":true}]}}